Calculate (3 - 0 - 1) + (-89 - -78) + -3.
-12
-11 + -3 + -4 + -4 - 4
-26
-8 - (4 - 3) - (-14 + 12)
-7
(0 - 20) + 5 + (3 - -20) + -20
-12
0 + 21 + 87 + -117
-9
(-26 - (-19 - -13)) + 5 + -2 + 8
-9
What is -5 + 7 - 6 - (-16 + 10)?
2
What is -11 + 1 - (99 + -106)?
-3
Calculate (21 - 37) + 9 + 9.
2
What is the value of (-1 - -7) + (-20 - (-23 - -10))?
-1
Evaluate (4 - 0 - 15) + 4 + 3.
-4
What is the value of 4 + 33 + -69 + 31?
-1
What is -4 - (1 - 11) - 16?
-10
What is the value of 6 + (-1 - (0 - 5)) + -1?
9
Calculate -9 - (-29 + 13 + 0).
7
Calculate -690 - -698 - (-2 + 2 + (-2 - -23)).
-13
Calculate 9 + (-4 - 0) + -17.
-12
Calculate 6 - (18 + -3 - (-40 + 37)).
-12
Evaluate -7 + (-3 - (-11 + (2 - -3 - -1))).
-5
Evaluate (32 - 7) + -59 - (-8 + -4).
-22
What is -1 + (-9 - -8 - -3) + -11?
-10
What is the value of -4 + 7 - (-1 + 2 - 7) - 12?
-3
-7 + 5 + -5 + -10 + 6
-11
Evaluate 44 - 20 - (13 + -7 + 4).
14
What is -4 - -7 - -3 - ((14 - 8) + 2)?
-2
Evaluate -7 - -2 - (-118 + 88 - (0 - 0)).
25
Calculate -3 - (-8 - (0 + 36)) - 15.
26
What is 17 + -30 + 37 + 3?
27
Calculate 7 + 1 - (16 - 11 - -9).
-6
-21 + -1 - (-319 + 296)
1
Calculate (-24 - -3 - -1) + (30 - 23).
-13
67 + -59 - (-2 + -2)
12
What is -516 - -520 - (-10 - 0)?
14
6 + 18 + -45 - -29
8
-182 - -181 - (-16 + -1)
16
(11 - (-10 - -10) - 15) + (0 - 0)
-4
Evaluate (2 - (-11 - -7) - -3) + -1 - 5.
3
Calculate 28 - ((7 - (-7 - -11)) + -14 + 8).
31
Evaluate (5 - (-14 + 21)) + -40 - -14.
-28
Evaluate -11 - (-10 + -8) - 18.
-11
Calculate -107 + 111 - (14 + -3).
-7
What is (-320 - -318) + (-2 - -9)?
5
Calculate -36 + 25 - 23 - 0.
-34
What is 0 + 11 + -10 + 2 + (17 - 14)?
6
Evaluate -5 - (11 - (8 - 6)).
-14
Evaluate -14 - ((101 - 108) + (-3 - -1)).
-5
Evaluate (-6 - (6 + (0 - (0 + 7)))) + 2.
-3
What is the value of (-10 - (5 - (3 - -25))) + 9?
22
What is (-3 - -6) + 3 + (18 - 7) - 4?
13
What is the value of 3 + -7 + -5 + 11 + 0 + 13?
15
-4 - 12 - -18 - (0 + -12)
14
-27 + -9 + (-94 - -96 - (1 - 3))
-32
5 + 4 - (18 - -36) - (-9 + -2)
-34
-194 + 210 + (0 - (2 + 2))
12
What is 1354 - 1339 - (2 + -2 + 12)?
3
(-1 - (-11 + 4 + -1 - -6)) + -8
-7
-6 - -3 - -6 - (-11 + 1 + -6)
19
What is (-5 + 5 + 10 + -5 - -5) + -4?
6
Calculate 8 + -1 - (-195 + 202).
0
What is the value of 13 + 6 + (8 - (-12 + 12))?
27
What is the value of -2 + 7 - (5 + -7) - (-5 + 24)?
-12
What is (-1 - 3) + -1032 + 1041?
5
Evaluate -6 + 9 + (3 - (16 - 11)).
1
Calculate 4 - ((8 - (-8 - -9)) + -6 + -4).
7
Calculate 5 + (-1 - (12 + (10 - 16))).
-2
What is the value of 3 - 10 - (4 + -17)?
6
Evaluate -18 + (7 - (19 + -31)).
1
Calculate (28 + -39 - (-15 - 1)) + 9.
14
What is the value of 11 - (-14 + 18 - (-9 + (-10 - -13)))?
1
Evaluate -7 - (5 - 17 - -4 - -6).
-5
Evaluate -80 + 43 + 39 - (-7 - -3).
6
Calculate 6 - -22 - 4 - 44.
-20
Evaluate (-6 - 1) + -1 + 7.
-1
(0 - -1) + (-15 - (-11 + 6 - -2))
-11
What is the value of -6 + (-1 - -1) - (58 - 63)?
-1
9 + -8 + 1 + 5 + 4 + -26
-15
What is the value of -1 + 14 + -14 + 12?
11
Calculate -2 + (-5 - 1) + (-33 - (34 + -53)).
-22
(5 - -9 - 9) + -33
-28
Calculate (1 - 5) + -17 + 27.
6
Calculate 3 + ((18 - 4) + -4 - (16 + -13)).
10
Evaluate -1587 + 1594 + (0 - 1) + 2 + 4.
12
Calculate (51 - (38 - 24)) + -27.
10
What is 0 + 15 - (-2 + -28 - -37)?
8
Calculate -10 + 24 + (-4 + 11 - 23).
-2
52 + 23 + -50 - 15
10
(1 - -8) + -3 - (167 - 166)
5
What is 23 + (-21 - (-12 - -3))?
11
Evaluate -59 - -69 - (-2 + 8).
4
What is -22 + 21 + (-2 - (-18 + -1))?
16
What is the value of (10 + (-2 - 5) - 20) + 4?
-13
Calculate 2952 - 2964 - ((-2 - -6) + -2 - 9).
-5
Calculate -6 - (8 + 4 - 8).
-10
Evaluate 8 - 11 - (-3 + 3) - (83 - 88).
2
Calculate -5 + -1 + (-274 - -291).
11
What is (6 - 0) + (-2 + -7 - (-1 - -6))?
-8
Calculate 6 + (0 - -10 - ((3 - -13) + -10)).
10
Evaluate -5 + -1 + (-280 - -301 - (3 - -7)).
5
What is the value of 43 - (-41 - -42) - 33?
9
Calculate (12 - 13) + (9 - (-1 - -3)) + -4.
2
Evaluate (17 - 21) + (2 + -2 - -4).
0
-4 + -1 + (-24 + 7 - 4)
-26
What is the value of -10 - -17 - (2 + -3)?
8
What is the value of 4 + -31 + 19 + (-6 - -11)?
-3
Evaluate 6 + (-14 + 11 - -6).
9
Calculate 9 - ((-35 - -3) + 72).
-31
Evaluate 63 - 53 - (-9 - (-1 + 3 - 4)).
17
Evaluate -12 + -4 + -2 - -8.
-10
Calculate -12 - 6 - ((-1 - 9) + -26).
18
What is (2 - 1) + -11 + 9 + 6 + -11?
-6
What is 37 + (0 - 17) - 11?
9
What is (27 - (4 - -8)) + -14?
1
Evaluate 17 - (-3 + -16 + (18 - 10)).
28
Evaluate (16 - (9 + 12)) + -11.
-16
What is the value of (-6 - (-55 - -51)) + 1 + -1 + -8?
-10
-57 + 54 + (3 - (-1 - -6)) + -14
-19
What is 5 + (7 - ((-7 + -1 - -5) + 11))?
4
Evaluate 2 + -8 + -5 - (-27 - 3).
19
Evaluate -3 + -12 + 7 + 4 - 4.
-8
Calculate -15 + (2 - (0 - (1 + 5))).
-7
What is the value of 7 + -1 - ((4 - -6) + 2)?
-6
12 + 0 - (-98 + 39 + 54)
17
11 + 12 + -11 + 7 + 3
22
Calculate 4 - -50 - (537 - 517).
34
What is the value of (-5 + -6 + -1 - (-15 + 18)) + 6?
-9
9 + 10 + 1 + -10
10
Evaluate 25 - 11 - 6 - 13.
-5
-10 - -6 - (-2 + -1 + 3 - 1)
-3
What is -16 - -9 - (1 - -1 - 4) - 6?
-11
Calculate (24 - 28 - -4) + -25.
-25
What is the value of (3 - -6) + -7 - -12?
14
Calculate 0 + (1 - (0 - 4 - 13)) + -4.
14
-52 - (6 - 39) - 11
-30
6 + (-1 + 4 - (-7 - (-1 + -10)))
5
What is the value of -3 + (2 + -1 + -7 - (-15 + -6))?
12
What is the value of -21 + 23 - ((-5 - -3) + -7 + 2)?
9
What is the value of 0 + 2 + 5 - (25 - 34 - -3)?
13
Evaluate 12 - (-16 + -1 + 147 + -124).
6
Calculate 13 - (23 - (-3 + 10)).
-3
40 - 55 - (-16 - (-9 - -9))
1
What is (-1 - -22) + (-7 + -3 - -6)?
17
Calculate -8 - (10 - 21 - 11).
14
(14 - (-4 + 8 - -13)) + (0 - 17)
-20
What is the value of 9 + -1 + 9 + -11?
6
What is the value of -2 + (4 + (-12 - -7) - (3 - 1))?
-5
-15 - -3 - (6 + (-20 - -13))
-11
What is (-6 - (-23 - -11)) + -17 + 6?
-5
Evaluate 13 - (-2 - 1 - (2 + 5 - 16)).
7
What is the value of 21 - (-15 - -28) - 21?
-13
Calculate -4 - ((-28 + 9 - -14) + 12).
-11
What is 4 + 43 - 21 - 22?
4
What is -8 - -2 - (16 + 2 + -25)?
1
5 - -5 - 13 - 10
-13
Evaluate (-4 - -1) + 26 + 3 + -35.
-9
What is the value of 34 + (-12 - -4) + (-5 - 3 - -10)?
28
What is 8 - 7 - -12 - 11 - -3?
5
What is the value of (-1 - (-2 + -8 + 0)) + 93 + -101?
1
-9 + 6 + 22 + -10
9
-26 + (-3 - -26) + -15
-18
-23 + (25 - -3) + -13
-8
What is the value of -3 + (1 - 2) + 1 - (-470 + 473)?
-6
-22 - -3 - 3 - -15
-7
Calculate (21 - 6 - 19) + (1 - -1).
-2
Evaluate (-9 - (-5 - 0)) + 5.
1
What is -12 + (17 - 7 - 23)?
-25
Calculate 19 + -1 + (4 - 14 - -1) + -35.
-26
What is the value of 9 - 0 - (2 - (58 + -73))?
-8
What is the value of -12 - -8 - -29 - 4?
21
Evaluate (-31 - 4) + 2 + 34.
1
Evaluate (62 - (27 - -8)) + (-5 - -1).
23
What is the value of (2 - 21) + (-117 - -128)?
-8
Evaluate -15 - (5 - (15 - -13)).
8
Evaluate -19 - ((4 - 2) + -3 - (-21 + 16)).
-23
What is the value of 12 + -4 + -5 + 13 + -32?
-16
Evaluate (-9 - -1) + -2 + 37 + -10.
17
Evaluate 28 + -47 + (11 - 4).
-12
30 + (8 - 9) - 1
28
Calculate (-9 - 0) + 1 + 17 - (-7 + 0).
16
What is the value of -6 + 0 - (453 - 449)?
-10
What is (21 - -5) + (-3 - 5 - -4)?
22
6 - 5 - (0 - 13 - (-5 + -2))
7
What is -9 + (3 - (0 - (-8 + 5)))?
-9
-13 + (-13 - (-71 - -11) - 11)
23
Calculate -13 - (-6 + -13 + 10).
-4
Evaluate 19 - (22 - (-24 + 21)).
-6
(-14 - (-14 - -6)) + (17 - -1)
12
What is (156 - 155) + 0 + 2 + -3 + 0?
0
Calculate (-9 - 2) + 17 + (-1 - 7).
-2
Evaluate -1 + 5 + (-3 - -11) + -2.
10
What is the value of (0 - 7 - -19) + -26 - -11?
-3
What is 24 + (8 - (-11 + 34 + -4)) + 0?
13
Calculate 26 + 0 - (163 - 148).
11
Calculate -8 + 4 + -1 + 18 + -3 - -2.
12
Calculate -14 - (-3 + (6 - -1) - 14).
-4
Evaluate 6 - ((0 - 5) + (25 - 26)).
12
(39 - (15 + 4)) + -37
-17
What is (6 - 1) + -26 + 10 + 9?
-2
Evaluate 5 + (-7 - ((-4 + 11 - 8) + -9)).
8
What is (-36 - (-5 + -16)) + (20 - -9)?
14
Calculate 8 - (4 - 1 - 3) - (-146 + 169).
-15
Calculate (4 - 3 - -3) + -23 + 20.
1
-8 + 28 + (8 - 4) - (5 - 2)
21
Evaluate 0 - 37 - (-52 + 23).
-8
10 + 18 + 7 + -10 + (2 - -10)
37
Evaluate 0 + (-22 - (10 - 22)).
-10
Evaluate ((-7 - -10) + -27 - -11) + 4.
-9
Calculate 17 - 10 - (-3 + 6 + -8 - -6).
6
27 - (0 - 0) - (8286 + -8274)
15
What is the value of (2 - 1) + -4 + -4 + (-50 - -69)?
12
What is -1 + -6 + (5 - (-9 + -1)) + -17?
-9
Evaluate 31 - (-17 - -9) - (15 - 8).
32
-4 - (-13